 the prime factors of u?
2, 5, 31
Suppose 3*p = -3*j + 400 + 914, 0 = -2*j + p + 879. What are the prime factors of j?
439
Suppose 0 = -2*y - 54 - 24. Let p = y + 96. List the prime factors of p.
3, 19
Suppose -2*v + 3*h + 53 = -9, -4*h = 16. Let g(r) = 13*r + 23. Let f be g(2). Let u = f - v. List the prime factors of u.
2, 3
Let n be (-1 + 2)*(-2)/2. Let z = 45 - 45. List the prime factors of (n - z) + 7 + 21.
3
Suppose o + 140 = -4*o. List the prime factors of 7/o + 61/4.
3, 5
Let k = 11097 - 7500. What are the prime factors of k?
3, 11, 109
Let m(c) = -92*c - 54. List the prime factors of m(-6).
2, 3, 83
Let q = 471 + -157. Suppose -q = -7*y - 34. List the prime factors of y.
2, 5
Suppose -5384 = 52*a - 54*a. List the prime factors of a.
2, 673
Let q = -1276 - -2355. List the prime factors of q.
13, 83
Let i(g) = -2*g**2 + 1417. List the prime factors of i(0).
13, 109
Let t be (-2)/(8/(-6))*24. Let l = -21 + t. List the prime factors of l.
3, 5
Suppose -5*i - 15 = 0, -12502 = -4*u + 5*i + 6929. What are the prime factors of u?
2, 3, 809
Let a(p) = -7*p**2 + 15*p + p**3 - 8*p - 11 + 2. Let g be a(6). What are the prime factors of -2 + 3 - -45 - g?
7
Let k = -6 - -11. Suppose -k*l + 51 = 4*n, -l = -n - 3*l + 15. List the prime factors of n.
3
Let d = 40 - -567. What are the prime factors of d?
607
Let y(z) = 10*z**2 - z. Suppose 5*v - 9 = 2*n, -3*v + 5*n = -2 - 11. Let f be y(v). Suppose t + 27 = c - f, -3*c + t = -98. List the prime factors of c.
31
Let g(j) = j**3 - 7*j**2 - 16*j + 17. List the prime factors of g(9).
5, 7
Suppose -8 = 3*r - w, -3 - 5 = r - 3*w. Let x(j) = 77*j**2 - j - 4. What are the prime factors of x(r)?
2, 3, 17
Let w = -75 - -151. Suppose 72*x - w*x = -484. List the prime factors of x.
11
Let k(s) = 12*s + 25. Let q be k(-3). Let x(y) = -y**3 - 10*y**2 - 6*y - 26. What are the prime factors of x(q)?
7, 23
What are the prime factors of 30/(-195) + 32493/39?
7, 17
Let r = 121 - 59. What are the prime factors of r?
2, 31
Suppose 152 = -4*m + 3*a, -5 = -5*m + 5*a - 200. Let h(f) = f**3 - f**2 + f - 58. Let j be h(0). Let u = m - j. What are the prime factors of u?
23
Let j = -1819 + 3799. What are the prime factors of j?
2, 3, 5, 11
Suppose -21*m + 175 = -14*m. What are the prime factors of m?
5
Suppose -91*t - 260 = -2*v - 95*t, 3*v + 2*t - 378 = 0. List the prime factors of v.
2, 31
Suppose 123*p = 138*p - 67845. List the prime factors of p.
4523
Let i be 4/((-16)/12) - -11. Suppose 3*g - 32 = -i. What are the prime factors of g?
2
List the prime factors of 3/5 - 18936/(-40).
2, 3, 79
Suppose -12 = -5*z + z. Suppose -z*l - 17 = -41. Suppose 3*b - l*b + 15 = 0. What are the prime factors of b?
3
Let m = -1722 + 2293. List the prime factors of m.
571
Let d = 57 - 28. Let p be (-1 - -13)/2*(-510)/(-68). Let a = p - d. List the prime factors of a.
2
Let p(b) be the third derivative of b**6/120 - b**5/10 + b**4/12 - b**3 - 2*b**2. Let n be p(5). List the prime factors of 32/7 - (-12)/n.
2
List the prime factors of (-3)/(55467/(-6162) - -9).
2, 13, 79
Let s(u) = 2*u**3 + 17*u**2 - 3*u + 15. Let d(i) = -3*i - 3*i + 3*i**3 - 2*i + 18*i**2 + 14 + 5*i. Let y(n) = 3*d(n) - 4*s(n). List the prime factors of y(14).
2, 3
Let w(t) = 2*t**3 + 67*t**2 + 15*t - 56. What are the prime factors of w(-32)?
2, 317
Let q(v) = 5*v**2 + 8*v - 96. List the prime factors of q(7).
5, 41
Suppose -54*n = -22*n - 8864. List the prime factors of n.
277
Let a(f) = -2*f**3 + f**2. Let w be a(-1). Let m(u) = -33*u**2 - u**w + 10 + 23*u**2 + u - 13*u. List the prime factors of m(-9).
37
Suppose 5*f - 36 = b, 0 = -3*f + b + 4*b + 4. List the prime factors of (-2)/(f/(-455)) + (-2)/(-8).
2, 3, 19
Let a(i) = -32*i + 8. Let s be a(-6). Suppose z = s - 75. Suppose k - z = -4*k. List the prime factors of k.
5
Suppose 5*w = 3*c - 0*c + 12, 3*c = 3*w - 6. Suppose 0 = w*b + 2*b - 245. What are the prime factors of b?
7
Let n(i) = 17*i**3 - i**2 + 2*i - 6. List the prime factors of n(2).
2, 5, 13
List the prime factors of (99 + -67)/((-1)/(-21)).
2, 3, 7
Let n(h) = -2*h**2 + 2*h - 4. Let l be n(4). Let y = 32 + l. Suppose -y*w - 41 + 197 = 0. List the prime factors of w.
3, 13
Let i = 2877 - 2031. List the prime factors of i.
2, 3, 47
List the prime factors of ((-67)/2)/(-2*10/760).
19, 67
Let g = 6 - -20. Suppose g*f = 21*f + 445. Let p = 128 - f. What are the prime factors of p?
3, 13
Let n be (-2)/(-7) - 32/14. List the prime factors of (2/n)/(2/(-46)).
23
Let q = 46 + 42. Let u = 122 + -72. Suppose 5*c + b - q = -0*b, -2*b + u = 3*c. What are the prime factors of c?
2, 3
Let m(q) = 24*q - 3. Let h be m(6). Suppose 4*z = 381 - h. List the prime factors of z.
2, 3, 5
Suppose -3*h + 15 - 3 = 0. Suppose 9 = 7*m - h*m. What are the prime factors of m?
3
Let f(u) = u**2 - 86*u - 172. List the prime factors of f(-42).
2, 1301
Suppose -60*r + 188790 = 2*r. What are the prime factors of r?
3, 5, 7, 29
List the prime factors of 6*(-28)/(-21) + 638.
2, 17, 19
Suppose 5*f + 4 - 14 = 0, 3*f = -4*l + 22. Let k(z) = 0*z**2 - 13 - 6*z - l + z**2. List the prime factors of k(11).
2, 19
Suppose 2*r = -2*f - 18, -4*r = -3*f - 0 + 1. Let k(s) = 4*s - 1. Let h be k(2). What are the prime factors of -3 + r + 6 + h?
2, 3
Let n(r) = r**3 + 10*r**2 - 11*r + 9. Let s be n(-11). Let g be (s/2 - 4)*172. Let m = g + -42. What are the prime factors of m?
2, 11
Let u(x) be the second derivative of x**3/3 - x**2 - x. Let i be u(5). Suppose 22*f = 23*f - i. What are the prime factors of f?
2
Let l(y) = 1490*y - 38. What are the prime factors of l(4)?
2, 3, 7, 47
Suppose -87*k = -10181 - 23749. List the prime factors of k.
2, 3, 5, 13
Let r(u) = -33*u + 39. List the prime factors of r(-4).
3, 19
Suppose -16 = -5*g - 6. Let d(n) = -12*n**2 + 2*n. Let x be d(g). Let c = -29 - x. What are the prime factors of c?
3, 5
Let o = -69 - -41. Let q be (-2 + o)*8/(-20). Suppose 0*t + 99 = 5*f + 2*t, -3*t + q = f. List the prime factors of f.
3, 7
What are the prime factors of (-2668 + -2)/(-3) - 0/8?
2, 5, 89
Suppose -38*z - 14353 = -64779. What are the prime factors of z?
1327
Suppose -2 = -22*b + 21*b. Suppose 5*l + 87 = 2*t, b*t = -0*t - 2*l + 80. List the prime factors of t.
41
Suppose 5*f = 0, 0*c + 3*f - 5 = c. Let v be (4/5)/(1/c). List the prime factors of 4 + v + 2*11.
2, 11
Let h be (-9 - -204) + 3*-1. Suppose 0 = 4*r - 5*y - 393, 0 = r + r - 4*y - h. What are the prime factors of r?
2, 3, 17
Suppose 4*m - 20772 = u, 17*u = 4*m + 12*u - 20756. What are the prime factors of m?
2, 7, 53
Let m(k) = -12*k**3 - 22*k**2 - 87*k - 7. List the prime factors of m(-5).
2, 13, 53
Suppose 10 = -3*k - 5*x, 3*x = 4*k + x - 30. Suppose i = -k*o + 143, -4*o + 4*i + 40 = -84. What are the prime factors of o?
29
Suppose 0 = -3*r - 4*i + 1378, 3*i - 10 = 2. List the prime factors of r.
2, 227
Suppose 0 = -3*j + j. Let b(y) = -y**3 - y + 3. Let n be b(0). Suppose n*g + 2*g - 95 = j. What are the prime factors of g?
19
Suppose 5 + 4 = 3*r + 3*q, r - 4*q - 18 = 0. Let a = r - -14. List the prime factors of (-8)/a + (-204)/(-10).
2, 5
Let z(h) = 2*h**3 - h**2 - 4*h - 2. Let s be z(4). Let m = s + 30. What are the prime factors of m?
2, 31
Suppose -3*f = 2*h - 14, -3*f = -f - 4. Suppose 3*c - 8 = h*c. Let a(o) = o**2 + 5*o + 8. List the prime factors of a(c).
2
Suppose 18 = 11*x - 8*x. List the prime factors of 12/(-18) - 20/x - -91.
3, 29
Suppose -4*b - 12 = 0, 0*f - f + b = -214. Let h = -121 + f. What are the prime factors of h?
2, 3, 5
Let q be (3/2)/((-5)/(-10)). Let d(s) = -s**3 + 3*s**2 + 2*s - 2. List the prime factors of d(q).
2
Let x = -11 + 16. Suppose x*n + 41 = h, 0 = 3*h - 2*n + 4*n - 55. Let u = h + -9. List the prime factors of u.
2, 3
Let k(m) = m**3 + 2*m**2 - 2*m - 2. Let a be k(-2). Suppose 2*r = -8, a*v = 3*v - 5*r - 15. Let o = v - -8. What are the prime factors of o?
3
Suppose 5*n - 4*w - 31 = 0, 4*n = -0*n - 3*w. Suppose 35 = g + n*k, -4*k - 28 = -g - 0*k. List the prime factors of g.
2
Let w(q) = -24*q + 2. Let f(i) = -i + 5. Let h be f(3). Suppose 4*l + 22 = -2*c, -18 = 3*c + h*l + l. What are the prime factors of w(c)?
2, 13
Suppose -2*o - 325 = -5*b - 1905, o + 2*b - 781 = 0. What are the prime factors of o?
5, 157
Suppose -10*u = 600 + 60. Let v = u - -75. List the prime factors of v.
3
